e
Suppose 14*i = 30*i - 1922704. Is i a prime number?
False
Let p(r) = -2*r**3 - 22*r**2 - 10*r - 7. Is p(-20) composite?
False
Suppose 10*q + 11359 = 11*q. Is q prime?
False
Is (3/(-2) - 21205/20)*-4 a composite number?
True
Suppose -23*m - 111139 = -30*m. Is m a prime number?
True
Let x(p) = -2*p - 5. Let l = -6 + 2. Let d be x(l). Suppose -d*o - 5*v + 122 = -251, 0 = -4*o + 4*v + 540. Is o composite?
False
Let f = -59 - -58. Is 2/4*((-405)/(-1) - f) composite?
True
Let c(o) = -2486*o - 12. Let l be c(-5). Let s = l + -7847. Is s prime?
False
Let i be -1 + 14*(-3)/(-6). Is 26/(-39)*i*(-163)/4 a prime number?
True
Let a = 7006 - 4423. Let t be a/12 - (-6)/(-24). Suppose -5*q - t = -10*q. Is q composite?
False
Let l = 28 + 35. Suppose 61*a - l*a + 934 = 0. Is a a prime number?
True
Suppose -2*l = 4*a - 0 + 2, 14 = l - 3*a. Suppose -6*n = -l*n + 143. Let k = n - -270. Is k composite?
False
Let v be (-3)/(-9) + (-5)/(-3). Suppose -v*t + 150 = -3*y, -146 = -2*t + 3*y - 2*y. Suppose -n + t = q - 231, 2*q - 10 = 0. Is n a prime number?
False
Let r(q) = q**3 - 6*q**2 + 3*q - 11. Let x(z) = -4*z - 12. Suppose 2*f + 8 = -2*f - 4*n, 5*f + 22 = -2*n. Let p be x(f). Is r(p) composite?
True
Suppose -17*p - 113013 = -26*p. Is p a prime number?
False
Suppose -5583 = 49*h - 52*h. Suppose 3*t + h - 5962 = 0. Is t a prime number?
True
Suppose 3*d + 6*x = 10*x + 7415, -2473 = -d + x. Is d composite?
False
Suppose -10454 = -2*w + 5*b, 0 = 8*w + 3*b - 51096 + 9280. Is w prime?
True
Let w = 1 - -2. Suppose 0*t = -w*t + 2226. Suppose 5*x - t = 273. Is x a prime number?
False
Let n be -1*6/(-3) + 0. Let w = -7 + n. Let g(m) = m**3 + 5*m**2 - 7*m - 1. Is g(w) composite?
True
Suppose 10*d = 11*d - 26981. Is d a composite number?
False
Suppose 2*a + 4*p - 7*p = 3466, 2*a - 3466 = -4*p. Is a composite?
False
Suppose 8*z = 3*z + 2*b + 66, 3*z - 5*b = 51. Let y be (-1783 + 0)*(-13 + z). Suppose 3*m = q + 1187, 3*m + 584 = -2*q + y. Is m prime?
True
Let b(n) = 764*n - 6. Let p be b(-3). Let g = 3763 + p. Is g a composite number?
True
Suppose -3*b + 4*a + 136981 = 0, -4*b + 5*a = -225396 + 42755. Is b a composite number?
False
Let i(d) = -144*d + 4. Let s be i(7). Is (-1)/(0 - (-4)/s) a composite number?
False
Suppose -3*d + 2574 + 657 = 0. Suppose n = -2*n + d. Suppose 877 = 2*t + n. Is t composite?
True
Let a be (-1)/((-1)/(-5)) + 2. Let o be -47 - 10 - (a - -1). Is (-22)/o + 263/5 prime?
True
Let z(j) = 1505*j**3 - 3*j + 3. Is z(2) prime?
True
Let l = 361 + 1110. Is l a composite number?
False
Let s = -507 - -4268. Is s composite?
False
Let h(c) = -c**3 + 13*c**2 + 11*c + 4. Is h(5) composite?
True
Let h(a) = 332*a**2 + a - 2. Let n be h(2). Suppose 8006 = 4*v + 3*m - n, 0 = 5*v + 2*m - 11671. Is v a composite number?
True
Let j be 111/21 + 4/(-14). Let n(a) = -a**2 + a + 1. Let o(v) = -v**2 + 6*v + 9. Let i(y) = -5*n(y) + o(y). Is i(j) composite?
False
Let q = 14156 + -3723. Is q a composite number?
False
Let z(v) = 129*v**2 + v + 3. Let g(q) = -257*q**2 - 2*q - 5. Let a(n) = -6*g(n) - 11*z(n). Is a(-2) composite?
False
Suppose -2*k + 27517 = 5*f, -22*f + 27541 = 2*k - 25*f. Is k composite?
True
Let r be (7/(-7))/(((-8)/(-12958))/(-4)). Suppose -366 - r = -5*k. Is k a prime number?
False
Let i(r) = -8151*r + 2. Is i(-1) a composite number?
True
Suppose 268 - 96 = -o. Let q be (37/3)/((-1)/(-27)). Let s = o + q. Is s a composite number?
True
Let o(b) = -b**3 - 15*b**2 + 8*b - 21. Let x be o(-16). Suppose 103*w + 76 = x*w. Is w a prime number?
True
Let p = 3 - 13. Let g = -7 - p. Suppose 0 = -g*h + h + 5*o + 1922, -4871 = -5*h - 4*o. Is h prime?
True
Let p(j) be the first derivative of -j**5/4 - j**3/2 - j**2/2 + j + 9. Let k(h) be the first derivative of p(h). Is k(-4) a composite number?
False
Suppose 3 = -b, 0*b + 3*b = 5*m - 729. Suppose h - 2*i + 24 = -3*i, 5*h - i + m = 0. Is 422/8 - 7/h a prime number?
True
Suppose f = -f + 36. Let y be f/(-75)*-5*770. Suppose -y = -3*l + d, 605 = 2*l + 6*d - 3*d. Is l a composite number?
False
Suppose 5*c = 5*h + 47645 - 12445, -2*h - 7041 = -c. Is c composite?
False
Let o = -33 - -37. Suppose -5*x = 4*u - 114 - 75, -3*x + o*u + 107 = 0. Is x a prime number?
True
Let k be ((-371)/(-3))/((-1)/(-6)). Suppose k = u - 231. Is u prime?
False
Let j(z) = 4*z**2 + 5*z + 18. Let o be j(-4). Is 33*(o/3 + (-5)/5) composite?
True
Let z(o) = 77*o**2 - o + 1. Suppose -n - 5*c - 27 = 0, 2*n + 2*c + 12 = n. Is z(n) prime?
True
Let s(w) = -2*w - 8. Let o be s(-8). Let p = 13 - o. Suppose p*d = d + 1028. Is d a prime number?
True
Let a = -507 - -286. Let k = 656 - a. Is k composite?
False
Suppose 3201 = 16*u - 13*u. Is u prime?
False
Suppose f - 1174 = 4*f - 4*a, 0 = 2*f - 2*a + 786. Let m = 589 + f. Is m composite?
False
Let z = 9171 + -5108. Is z a composite number?
True
Suppose -5950 + 1640 = -5*g. Suppose -5*m = -g - 13. Suppose 3*x - m = -2*h, 3*x - 4*h + 2*h - 179 = 0. Is x a composite number?
False
Suppose 43*j - 857862 = 25*j. Is j composite?
False
Let c(h) = 14*h**2 + 2*h - 1. Let l be c(1). Let s = l - 11. Suppose -f = -s, -5*u - f = -0*u - 729. Is u composite?
True
Let o be (0 + (1 - 10))*-1. Suppose -o*n = -10*n + 177. Is n a prime number?
False
Let s = 141 + -84. Suppose -3*i - 15 = s. Is 2242/6 + 16/i a prime number?
True
Suppose -3*m = m - 12. Let x(v) = 3*v + 0*v + 184*v**2 - m*v - v. Is x(1) a prime number?
False
Suppose 20*o - 1122 = 14*o. Is o prime?
False
Suppose r - 8*f = -5*f + 211, 4*r = -f + 870. Is r prime?
False
Let l(i) = -12 - 14 - 5*i + 10. Let r be l(-11). Let f = r - -20. Is f a composite number?
False
Let l(k) = 39*k**2 - 11*k + 13. Is l(7) composite?
False
Let x(w) be the third derivative of w**5/60 - 11*w**4/24 - 11*w**3/3 + 15*w**2. Is x(-5) prime?
False
Is 185*(4/18 - 21/(-27)) a composite number?
True
Suppose -32*c - 545975 = -3371223. Is c composite?
False
Let g be (-8)/(-10) - (-44084)/20. Let v = 4075 - g. Let q = 2791 - v. Is q prime?
False
Suppose 2*d = -4*k + 2*k - 18, -2*k = -3*d + 13. Let q be -2 + (-2 - (0 - k)). Let c = 16 + q. Is c prime?
False
Suppose 15836 = 4*m + 3*w + 4756, 5522 = 2*m - 3*w. Is m prime?
True
Suppose 131 = -16*g + 17*g. Suppose -3*c + g = -1126. Is c composite?
False
Let t be ((-2)/(-3))/(9/((-756)/8)). Let f(p) = -7*p**2 + p + 4. Let a(c) = c**2 - c. Let u(d) = -6*a(d) - f(d). Is u(t) a prime number?
False
Let l(b) = 118*b**2 - 117*b**2 + 0 - 1151*b**3 - 1. Is l(-1) composite?
False
Let m be 2/(-7) + 220/35. Is 3*m/9*955/2 prime?
False
Let n be -1 + (-8)/4 + 13378. Suppose -3*u + 4917 = 5*o, -n = -5*u - o - 5180. Is u prime?
False
Let p = 7700 + 1529. Is p a prime number?
False
Let v(w) = -5*w + 10. Let t be v(0). Suppose 15*y = t*y + 785. Is y composite?
False
Let z = -77 - -940. Is z a prime number?
True
Suppose -4*t + 114 = -3*t - u, -3*t + 337 = -2*u. Suppose 5*v = 3404 - t. Suppose 3*l - 313 = -2*j - 0*j, v = 4*j - 5*l. Is j a composite number?
True
Let h = 3 - 6. Let q = 80 - 544. Is 2 - (q + h + 0) a composite number?
True
Let h(u) = -u**3 + 4*u**2 + 8*u - 4. Suppose 4*x = 7*x - 51. Let t = x + -12. Is h(t) a prime number?
True
Let g(u) = -2351*u - 11. Let c(k) = k**3 + 27*k**2 + 26*k - 2. Let x be c(-26). Is g(x) a prime number?
True
Let j(u) be the third derivative of -1/3*u**3 + 1/4*u**4 + 0*u + 1/120*u**6 + 11/60*u**5 + u**2 + 0. Is j(-9) composite?
True
Let t(j) = 34*j**3 - j**2 + 2*j + 2. Let v be t(-1). Let i = v - -46. Suppose -47 = -2*s - 5*h + i, -3*s + 2*h = -49. Is s composite?
False
Is (-36)/8*118868/(-18) a composite number?
False
Let w = 23 + -35. Let j(d) = -13*d - 11. Let g(v) = -1. Let m(k) = -4*g(k) + j(k). Is m(w) a composite number?
False
Suppose -4*d + 8 = 0, 10 + 58 = 4*x + 4*d. Suppose -y - 319 = -x. Is (-10)/(y/148 + 2) a prime number?
False
Let v(r) = -78*r**2 - 3*r + 4. Let c be v(1). Let s = 54 - c. Is s prime?
True
Suppose -b - m - 2 = -0*m, -m - 6 = -b. Suppose -b*z = 2*z - 3*g + 3, 4 = 3*z + 4*g. Is z/(8/4) + 34 a prime number?
False
Suppose -3*f + 19398 = 6*k - 3*k, 2*f - 6463 = -k. Is k a composite number?
False
Suppose 5*g + 2*q + 2*q - 46 = 0, -q + 10 = g. Let w(i) = -i**3 + 16*i**2 - 7*i + 1. Is w(g) prime?
False
Let p(m) = -44*m + 13. Suppose 8*l = 70 - 190. Is p(l) a prime number?
True
Let w(k) = k**2 + 6*k - 1. Suppose 5*c + 4*j =